. What is the units digit of p?
0
Let w(q) = -q**3 - 5*q**2 - 2*q - 1. Let t be w(-4). Let p = t + 12. Suppose 10*y = p*f + 5*y - 98, 5*f = -4*y + 114. What is the units digit of f?
6
Let n = -851 + 2084. What is the units digit of n?
3
Let z = 4639 + -2391. What is the units digit of z?
8
Suppose -3*s = -7*s - 3*i + 1070, 0 = -5*i + 10. What is the units digit of s?
6
Let z(j) = -4*j - 15. Let x be z(-6). What is the tens digit of 20*1*x/3?
6
Suppose 0 = 5*u - 3*l - 8852, u - 446 = l + 1326. What is the units digit of u?
8
Let v(m) = 22*m - 14. Let a be 1/(-4) - (-200)/32. What is the units digit of v(a)?
8
Let a = -2 - -2. Suppose -2*u + a*u + 52 = 0. What is the tens digit of u?
2
Suppose -4*a + 5342 = -1834. What is the hundreds digit of a?
7
Suppose 0 = 4*z - 4, 2*r + 5*z - 30 = z. Let h = 12 - r. Let j = h + 15. What is the tens digit of j?
1
Suppose -5*m + 4*m + 2 = 0. Suppose 2*u - 3*f - 174 = 0, m*f + 102 + 70 = 2*u. Suppose 4*a - 74 = -2*p, -5*a = 4*p - 76 - u. What is the units digit of p?
5
Let h(x) = 5*x - 6. Let b be h(-6). Let t = 18 + b. Let p(y) = y + 28. What is the tens digit of p(t)?
1
Suppose -710 = s - 6*s. Let t = s - 101. Let c = 31 + t. What is the units digit of c?
2
Suppose -m - m - 6 = 0, -3*m = -3*s + 3. What is the tens digit of s*(-182)/4 - (4 + -6)?
9
Suppose x - 12 = -c + 6, -3*c + 42 = -3*x. Let s be -4*(-2)/(c/12). Suppose 0 = -4*m + s + 146. What is the units digit of m?
8
Suppose d = 128 + 64. What is the tens digit of d?
9
Let c(p) be the second derivative of p**4/12 - p**3/6 - p**2 - 7*p. What is the tens digit of c(8)?
5
Suppose -17 = -q - 10. Suppose -228 = u - q*u. What is the tens digit of u?
3
Suppose b + 9553 = 5*g - 3*g, -23884 = -5*g + 4*b. What is the hundreds digit of g?
7
Let u = 134 + -68. What is the units digit of u?
6
Suppose -3*m - 13*m = -1760. Let j(f) = 56*f + 4. Let p be j(5). Suppose p = 4*q + q + 4*n, 2*n = 2*q - m. What is the tens digit of q?
5
Let b(m) = 3*m**3 - m - 1. Let o be (8/20)/(1/5). What is the tens digit of b(o)?
2
Let i = -8 + 40. Suppose 0 = -j - 0 - 1. Let c = i + j. What is the units digit of c?
1
Suppose -8*a + 7*a = 90. Let q be 1/(-2) - a/20. Suppose q*s = 4, -5*v + 4*s + 184 = 3*s. What is the units digit of v?
7
Suppose -r = r - 10. Let g = -44 + 44. Suppose r*o + d - 80 = g, 3*d = -5*o + 36 + 34. What is the units digit of o?
7
Let c(u) = -2*u**3 - u**2 + 22*u - 4. What is the tens digit of c(-10)?
7
Let d(o) = -26*o - 18*o + 28*o + o**2 + 35. What is the tens digit of d(16)?
3
Let n(z) = 571*z**2 - 3*z - 3. What is the hundreds digit of n(-2)?
2
Let j(z) = 4*z**2 - 3*z + 9. What is the tens digit of j(13)?
4
Let x(g) be the third derivative of 2*g**2 + 0 - 7/6*g**3 - 1/8*g**4 + 0*g. What is the units digit of x(-8)?
7
Suppose -5*d - u + 2341 = 0, -3*u + 7*u - 4 = 0. What is the units digit of d?
8
What is the tens digit of (2 + -89)*(-2 - 8/(-6))?
5
Suppose -1613 = -2*n + h, 12*n - 4*h = 15*n - 2425. Suppose -l - k = 3*k - 178, -4*l + n = -3*k. What is the hundreds digit of l?
1
Suppose -4*y - 8 = -0*y - 5*l, 0 = -y - 3*l - 2. What is the tens digit of (88/5)/(y/(-20))?
7
Let b(m) = -m**2 - 5*m + 19. Let a be b(-7). Suppose -1430 = -a*c - 5*d, -821 = -3*c + 3*d + 43. What is the tens digit of c?
8
Let c be -2 + -2*(-1 + 21). Let j be (-16)/6*c/28. What is the tens digit of j/(-12) - (-318)/9?
3
Let d(a) = 15*a**2 + 66*a - 382. What is the units digit of d(6)?
4
Let y = 2551 - -473. What is the tens digit of y?
2
Let n = 13 + -5. Let j(t) = t**3 - 9*t**2 - 9*t - 7. Let v be j(10). Suppose v*l + 130 = n*l - 5*z, 3*z = -6. What is the tens digit of l?
2
Let r(q) = 0*q - q + 6*q - 3*q. Let t be r(-1). What is the units digit of 58*(3/t)/(-3)?
9
Let z(w) be the third derivative of -w**5/60 - 23*w**4/24 + 67*w**3/6 - 52*w**2. What is the hundreds digit of z(-20)?
1
Let k(c) = 10*c + 3*c + 2 + 2*c. Let r be k(-3). Let l = -31 - r. What is the tens digit of l?
1
Let s be (-24)/3*(-1 + -3). Let d = s + 8. What is the tens digit of d?
4
Suppose -5*x + 4*x = -5. Suppose x*k - 3*k - 4*c = 10, -3*c = 0. Suppose -3*t = k*s - 81, -5*s + 5*t = -74 - 31. What is the tens digit of s?
1
Suppose 5*k - 604 = 3*k. Suppose 4*c + k = 2*v, -5*v + 2*c + 392 + 339 = 0. What is the tens digit of v?
4
Let f = -2029 - -4361. What is the tens digit of f?
3
Let m be ((-2)/(-1))/(-6 + 7). Suppose -7*k = -m*k - 325. Suppose 2*j - k = 27. What is the units digit of j?
6
Suppose 9*v - 4*v - 4*u = 14, -4 = 4*u. Suppose 0 = -v*m + m - 3*g - 9, 7 = -3*m - 4*g. Suppose m = 3*k - 27. What is the units digit of k?
0
Let j(r) = -r + 4. Let i be j(4). Suppose -3*x + 14 = 5. Suppose -5*k + 0*f + 12 = -f, i = k + x*f - 12. What is the units digit of k?
3
Suppose -2*h + 5*i = -1735, -728 = -3*h + 4*i + 1871. Suppose s + 0*s = -k + 173, 3*k - h = -5*s. What is the units digit of s?
3
Let k = 806 - 479. What is the tens digit of k?
2
Suppose 0 = 4*j - 1 - 3. Let f be j*4 + -16 + 11. Let b(w) = -82*w**3 + w**2 + 2*w + 1. What is the units digit of b(f)?
2
Let r(x) be the third derivative of x**4/24 + x**3/3 - x**2. Let b be r(-6). What is the units digit of 2*18 + 1 + b?
3
Let a = -6 + 5. What is the units digit of (20 - a) + 1 + -1?
1
Let a = -75 + 105. Suppose k - a = 3*k. Let n = 29 + k. What is the units digit of n?
4
Let s be 2354/10 + (-2)/5. Suppose -10*g = -s - 265. What is the units digit of g?
0
Suppose -7*o + 106 - 71 = 0. Suppose -o*s - 229 = -1064. What is the units digit of s?
7
Let g(d) = d**2 - 26*d + 12. What is the tens digit of g(-16)?
8
Let q be (4 + -6)/(4/(-34)). Suppose -13 = -3*d + q. What is the units digit of d?
0
Suppose -2*d - 2*d - 29 = -3*s, -4*s - d = -45. What is the tens digit of ((-11)/s)/(2/(-146))?
7
Suppose 2*a - 2 = 4*v, -2*a = v - 3 - 4. Let f be (-7)/35*-5*v. What is the units digit of 15 - f*4/4?
4
Suppose 5*s = 2*p + 22, -6*p + 16 = -2*p + 5*s. What is the hundreds digit of p/13*2 - (-1666)/13?
1
Let f(r) = -237*r. Let a(g) = 34*g. Let d(m) = 27*a(m) + 4*f(m). Let s be d(-3). Suppose -u + 0*u = -3*x + 98, -3*x + s = 3*u. What is the units digit of x?
2
Suppose 23 = 4*m + 11. Suppose 0*q - 835 = -5*a - 3*q, -4*a = m*q - 671. What is the hundreds digit of a?
1
Let c = -1211 + 2178. What is the units digit of c?
7
Suppose -29*a + 4*a = -5100. What is the tens digit of a?
0
Let t(n) = 46*n - 13. Let c be t(7). Suppose 2*y + 2*y = -4*q + 384, 3*y - 4*q - c = 0. What is the units digit of y?
9
Suppose -5 = y - 5*b, 3*y + 2*b - 2 = -0*y. Suppose 2*p - 4*d + d - 80 = y, -4*d + 52 = 2*p. What is the units digit of p?
4
What is the tens digit of 6/(-1) - (-15912)/51?
0
Let s(l) = 18*l - 11*l - 14*l + 2*l**2 - 2. What is the units digit of s(8)?
0
Let w = -401 - -1127. What is the tens digit of w?
2
Suppose 17*t = 29*t - 9708. What is the units digit of t?
9
Suppose 2*p = -3*n + 23, 36 = -2*n + 6*n + 4*p. Let f(b) = 0 + n + b**2 + 51*b - 52*b. What is the tens digit of f(4)?
1
Let i be 8*16 + -3 + 5. Suppose i = 17*b - 7*b. What is the tens digit of b?
1
Suppose -2*l = -j + 26, 212 - 50 = 5*j - 2*l. Suppose 28 = n - j. What is the units digit of n?
2
Let f(l) be the second derivative of -8*l - l**2 - 1/3*l**3 + 0. What is the tens digit of f(-7)?
1
Let c = -5 + 134. What is the hundreds digit of c?
1
Let g(f) = -f**2 - f + 1. Let d be 2/6 - 1/3. Let w be g(d). Let u(q) = 19*q**2 - 3*q + 2. What is the units digit of u(w)?
8
Suppose -16*j = 2422 - 22406. What is the units digit of j?
9
Let n(w) = -5*w**3 - 5*w**2 + 38*w + 188. What is the thousands digit of n(-10)?
4
Suppose -38*c = -41*c - 378. Let g = c - -135. What is the units digit of g?
9
Suppose 2*p - 3735 = 6773. What is the tens digit of p?
5
Suppose 0 = -3*d + 6*d - 4*s - 2054, s + 683 = d. What is the hundreds digit of d?
6
Let l(k) = 11*k - 18. What is the units digit of l(6)?
8
Suppose 5*i = -128 + 23. Let d be (-16)/(-6) + 14/i. Suppose 33 = d*t + 1. What is the units digit of t?
6
Suppose -3*l - 2*u + 0*u + 9612 = 0, -4*l + 12799 = -3*u. What is the units digit of l?
2
Let c(x) be the first derivative of -x**4/4 - 7*x**3/3 - 3*x**2 - 2*x + 4. Let i be c(-2). What is the units digit of i/55 - (-664)/22?
0
Let o be (-206)/(-17) - 16/136. Suppose -2*i = 2*i + 2*c - o, 2*i - 2*c - 18 = 0. Suppose 76 = -b + i*b. W